or of n and a?
27
Let k = -216 - -225. Let d be 9/(-2 - (-27)/13). Calculate the greatest common divisor of k and d.
9
Suppose 15 = -6*y + 11*y. Let t(d) = 7*d - 1. Let n be t(y). Let r(x) = -3*x - 10. Let q be r(-10). Calculate the highest common divisor of n and q.
20
Suppose -63 = 2*l + 39. Let m = 77 + l. Calculate the highest common divisor of 13 and m.
13
Let i = 161 + 37. Suppose -27 = 4*h - 5*t + 52, 5*h + 3*t + 71 = 0. Let n = h + 38. What is the greatest common factor of n and i?
22
Let p be 76/2 - (0 + 3). Let m = p - 5. Calculate the greatest common divisor of 10 and m.
10
Suppose -x - 296 = -5*l, 5*l + 5*x + 149 - 469 = 0. What is the highest common divisor of l and 80?
20
Suppose 436 = 15*j - 164. Calculate the highest common factor of 16 and j.
8
Suppose 5*h = 48 + 427. What is the highest common factor of 760 and h?
95
Let y = 21 - 6. Let u be 1985/y + 2/3. What is the highest common divisor of u and 19?
19
Let d be (6/7)/((-11)/(-1540)). Calculate the greatest common factor of d and 3.
3
Let t(a) = 4*a - 7. Suppose 0 = 2*o + 5 - 3, -3*c - 3*o + 6 = 0. Let n be t(c). What is the highest common divisor of n and 40?
5
Let a be ((-2)/(-3))/(24/(-1476)). Let l = -65 - a. Let b = l + 48. What is the greatest common factor of 4 and b?
4
Let q(i) = i**3 - 9*i**2 - 19*i + 3. Let k be q(11). Suppose 4 = t - 0. What is the highest common factor of t and k?
4
Let p be (-10 - -3) + 21417/33. What is the highest common divisor of 107 and p?
107
Let t(o) = -3*o + 12. Let u be t(2). Suppose -2*x + 20 = 3*l, -32 = -4*l + 2*x - u*x. Calculate the highest common divisor of l and 28.
4
Suppose -5*j - 198 = -8*j. Let p be (-9 + 7)*j/(-4). What is the highest common factor of 22 and p?
11
Let x = 8 + -5. Suppose x*b + 0*q - 28 = -4*q, 35 = 5*b - 5*q. Let n = 2417 + -2415. What is the highest common divisor of b and n?
2
Suppose -x - 12*a + 256 = -8*a, a = -x + 250. What is the highest common factor of 16 and x?
8
Suppose 171 = 3*j - r + 4*r, -4*r + 283 = 5*j. Let o(a) = 28*a**2 + 1. Let n be o(1). Let i = n + -18. What is the highest common divisor of i and j?
11
Let g(i) = i**3 + 5*i**2 - 6*i + 2. Let o be g(-4). Calculate the highest common factor of o and 21.
21
Let t(s) = -10 - 25 - 60*s - 15. Let i(n) = n + 1. Let w(m) = 50*i(m) + t(m). Let q be w(-1). What is the greatest common divisor of 70 and q?
10
Let z = 17 - 13. Let f(a) = -3*a**2 + 5*a - 8. Let d be f(z). Let k = -25 - d. Calculate the highest common divisor of 44 and k.
11
Let b(d) = d**3 - d**2 + 79. Let q be b(0). Let p = q + -76. What is the greatest common factor of p and 3?
3
Let s(k) = k**3 + 7*k**2 + 10*k + 17. Let j be s(-5). Calculate the greatest common factor of 1 and j.
1
Let c be (-1 + 18124)*(2/6)/1. Let a be 3/12 - c/(-28). Calculate the greatest common factor of 27 and a.
27
Let r be 388 - 44/(-66)*1*6. What is the highest common factor of r and 16?
8
Let u = 1395 + -1381. Let q be 76*1 + (-2)/(-2). Let r = q - 49. What is the highest common divisor of r and u?
14
Suppose 9*c - 16 - 2 = 0. Suppose 0 = c*o - 159 - 457. What is the highest common factor of o and 44?
44
Let v be 42/7 - (1 + -6 + 6). Calculate the highest common factor of v and 215.
5
Let y be (0*(-1)/(-3))/(-2). Suppose -2*t = 2*x - 86, y = 5*t - x - 4*x - 265. What is the highest common factor of t and 32?
16
Suppose -24*f - 299 = -f. Let w(r) = r**2 + 10*r + 15. Let b be w(f). Suppose -o = 3*o - 144. What is the highest common divisor of b and o?
18
Suppose -6*i + 2*i = -k + 19, 19 = 5*k - i. Let j(w) = -3*w - 8. Let r be j(-6). Let f be k/((-6)/(-5))*r. What is the greatest common divisor of 275 and f?
25
Let m(w) = -w - 5. Let a be m(-11). Suppose -a*u + 4*u + 2 = 0. Let b be 12*9/6*u. What is the greatest common divisor of 9 and b?
9
Let o(h) be the first derivative of -9*h**2/2 - 6*h - 18. Let s be o(-2). What is the greatest common factor of s and 6?
6
Suppose 65 = 30*k - 25*k. Suppose 35 = 3*g - k. What is the highest common divisor of g and 24?
8
Let b = -11 - -28. Let x = 232 + 142. Suppose 6*h = 8*h - x. What is the greatest common divisor of b and h?
17
Suppose -4*j + 27 - 43 = 0. Let w be 399/12 - 3/j. What is the greatest common factor of 102 and w?
34
Let j(b) = 92*b**2 - 131*b + 375. Let f be j(3). Calculate the highest common factor of f and 10.
10
Suppose 191*a + 70 = 198*a. Suppose 3*y + 2*y - 50 = 0. Calculate the highest common factor of y and a.
10
Suppose 4*s = 20 - 272. Let f = s + 109. What is the greatest common divisor of f and 414?
46
Let w = 46 - 36. What is the highest common factor of 5 and w?
5
Let g(y) = -y**3 + 4*y**2 + y - 6. Let o be g(-3). Let s(h) = 39*h. Let u be s(1). Let n = u + -3. Calculate the highest common factor of o and n.
18
Let i = 11 + -4. Let k(p) = 18*p - 8. Let c be k(2). What is the greatest common factor of c and i?
7
Suppose 175 = 5*c - 145. Let y = c + -52. What is the greatest common factor of 12 and y?
12
Let h(y) = 2*y**2 - 1. Let f be h(-1). Suppose -w = -4 - f. Suppose 3*t - 651 + 13 = -w*d, -2*t - 4*d = -424. What is the greatest common factor of t and 27?
27
Suppose -4*z + 174 = -82. Suppose p + 4*p + z = 2*q, -q + 10 = 3*p. Suppose c + c = q. Calculate the greatest common divisor of 99 and c.
11
Let u(w) = w**3 - 8*w**2 + 43*w - 15. Let x be u(8). What is the highest common factor of 188 and x?
47
Suppose 10*s - 1841 = -2*t + 9*s, 2*t - 2*s - 1826 = 0. Calculate the highest common divisor of t and 34.
34
Suppose -5*m + 21 = -0*m + 2*c, 3*m + 4*c - 21 = 0. Suppose -5*p + 138 = a, a = -p - m*a + 39. What is the greatest common factor of 81 and p?
27
Suppose -2*u + 8 + 0 = 0. Let d be (-2)/15 - 5/(300/(-8)). Let w(s) = -s + 36. Let i be w(d). What is the greatest common factor of i and u?
4
Let u = 1277 + -652. What is the greatest common factor of u and 75?
25
Let q(p) = p**2 + 5*p - 3. Let g be q(-6). Suppose g = f - 4*f. Let j be ((-4)/4)/(f/6). Calculate the highest common divisor of 12 and j.
6
Suppose -63 = -3*k - 6. Calculate the greatest common divisor of k and 95.
19
Suppose 6*z = -3 + 15. Let c be z/3 + (-3)/(-9). What is the greatest common factor of c and 7?
1
Let d be -45*6/(-108)*(-16)/(-2). Calculate the highest common factor of d and 128.
4
Let s be 117/(-5 - (3 - 9)). Calculate the highest common divisor of s and 52.
13
Suppose -d + 0*c = 2*c - 5, -5*d + c - 8 = 0. Let x be (13 + 350/(-42))*6/4. Let n = d + x. What is the highest common factor of n and 4?
2
Suppose 0 = n - 4*r - 594, 0 = n - 3*r + 5*r - 606. Calculate the highest common factor of 86 and n.
86
Suppose 0 = y + z - 22, -3*y - 2*y + 150 = -5*z. Let p = -14 + y. What is the greatest common divisor of p and 12?
12
Let a = -892 + 914. What is the highest common divisor of a and 814?
22
Suppose 0 = -a - r + 38 - 5, 134 = 4*a + 2*r. Let p be -1 + 7 + -4 + a. What is the highest common factor of p and 84?
12
Let v(g) = -3*g**2 + 54*g + 4. Let n be v(16). Let x(p) = 15*p - 5. Let o be x(3). What is the highest common divisor of o and n?
20
Suppose -5*b + 228 + 137 = -5*m, -4*b + 5*m + 287 = 0. Calculate the greatest common divisor of b and 260.
26
Let v be 122/8 + (-1)/4. Let a be (-1 + 2)/(6 - 5). Let h be (-7 + -2)*a/(-3). What is the highest common factor of v and h?
3
Let y = 58 - 8. Let p = 100 + -100. Suppose p = -7*b + 2*b + y. Calculate the highest common factor of 70 and b.
10
Suppose 0 = 20*q - 19*q - 2. Let p be (-92)/(-6) - q/(-3). What is the highest common divisor of 128 and p?
16
Let p be (315/(-60))/(6/(-16)). Let h(s) = -s**2 + 12*s + 47. Let j be h(p). What is the greatest common divisor of 76 and j?
19
Let q(w) = 13*w + 88. Let s be q(-6). What is the highest common divisor of 80 and s?
10
Suppose x = -3*a - 4 + 14, 20 = 2*a - 2*x. Let o = a + -2. Calculate the highest common divisor of 2 and o.
1
Suppose -o - o + 6 = 0. Let q = 227 + -215. What is the highest common factor of q and o?
3
Let v be (-24)/(-3) - (-2 - -4). Let h be (-4)/v*(-18)/(-12). Let a(i) = 10*i**2. Let s be a(h). Calculate the greatest common factor of s and 110.
10
Suppose f - 5 = 0, -3*j + 6 = -5*f + 1. Suppose -j*r + r + 297 = 0. Calculate the highest common divisor of r and 363.
33
Let t(x) = -x**3 + x**2 + 10. Let l be t(0). Suppose 4*d = -16, -g + 56 = 31*d - 35*d. Calcu